1197 a multiple of 21?
True
Does 14 divide 3220?
True
Is 1641 a multiple of 56?
False
Is 3574 a multiple of 59?
False
Is 10 a factor of 1214?
False
Does 2 divide 7273?
False
Is 9 a factor of 27?
True
Is 9 a factor of 306?
True
Is 1517 a multiple of 26?
False
Does 116 divide 95700?
True
Is 17748 a multiple of 29?
True
Does 6 divide 8778?
True
Does 2 divide 762?
True
Is 204 even?
True
Does 66 divide 5082?
True
Is 2852 a multiple of 46?
True
Does 229 divide 34702?
False
Does 43 divide 17931?
True
Is 1272 a multiple of 15?
False
Does 14 divide 7784?
True
Does 11 divide 1353?
True
Does 43 divide 707?
False
Is 13 a factor of 16926?
True
Is 23 a factor of 607?
False
Does 205 divide 81180?
True
Is 832 a multiple of 14?
False
Is 5239 a multiple of 31?
True
Does 15 divide 470?
False
Is 7350 a multiple of 50?
True
Does 38 divide 975?
False
Is 84 a factor of 5880?
True
Is 12 a factor of 665?
False
Is 52 a factor of 1820?
True
Is 13 a factor of 1495?
True
Is 22 a factor of 3206?
False
Does 27 divide 1321?
False
Is 876 a multiple of 12?
True
Is 16359 a multiple of 41?
True
Does 8 divide 2584?
True
Is 26937 a multiple of 155?
False
Is 7675 a multiple of 25?
True
Does 11 divide 21?
False
Is 1508 a multiple of 2?
True
Does 50 divide 1050?
True
Does 10 divide 7743?
False
Is 17 a factor of 932?
False
Does 3 divide 601?
False
Is 500 a multiple of 5?
True
Does 135 divide 29160?
True
Is 6 a factor of 15301?
False
Is 20 a factor of 4820?
True
Does 57 divide 6555?
True
Is 34282 a multiple of 11?
False
Is 31 a factor of 651?
True
Does 22 divide 968?
True
Does 232 divide 3252?
False
Is 30996 a multiple of 53?
False
Is 23 a factor of 690?
True
Is 7 a factor of 1419?
False
Is 510 a multiple of 15?
True
Does 21 divide 72?
False
Is 74 a factor of 5920?
True
Is 226 a multiple of 10?
False
Does 18 divide 940?
False
Is 57 a factor of 649?
False
Is 8142 a multiple of 46?
True
Is 202 a factor of 84234?
True
Does 42 divide 13566?
True
Is 10 a factor of 307?
False
Does 54 divide 907?
False
Does 84 divide 40882?
False
Is 10 a factor of 15010?
True
Is 17986 a multiple of 43?
False
Is 13 a factor of 1417?
True
Is 76 a factor of 353?
False
Is 374 a multiple of 17?
True
Is 23015 a multiple of 18?
False
Does 9 divide 146?
False
Is 25781 a multiple of 7?
True
Does 23 divide 468?
False
Is 19 a factor of 20588?
False
Does 126 divide 142128?
True
Is 23 a factor of 5842?
True
Is 101 a factor of 25452?
True
Is 135 a factor of 25009?
False
Is 1920 a multiple of 12?
True
Does 38 divide 114?
True
Is 21 a factor of 4133?
False
Is 128 a factor of 17280?
True
Is 943 a multiple of 41?
True
Is 14 a factor of 3556?
True
Is 63 a factor of 2835?
True
Is 17 a factor of 262?
False
Is 205 a factor of 60304?
False
Is 12 a factor of 4042?
False
Is 250 a factor of 30250?
True
Is 17 a factor of 1071?
True
Is 364 a multiple of 116?
False
Is 24 a factor of 2880?
True
Is 631 a multiple of 84?
False
Is 136 a factor of 10336?
True
Is 1470 a multiple of 35?
True
Is 33 a factor of 9900?
True
Does 15 divide 3240?
True
Is 2366 a multiple of 13?
True
Does 2 divide 746?
True
Is 200 a multiple of 8?
True
Does 4 divide 160?
True
Is 42 a factor of 504?
True
Is 21 a factor of 5362?
False
Is 1589 a multiple of 8?
False
Does 9 divide 36684?
True
Is 810 a multiple of 27?
True
Does 23 divide 4669?
True
Does 31 divide 166?
False
Is 4 a factor of 2333?
False
Is 35 a factor of 489?
False
Does 79 divide 1343?
True
Does 13 divide 28307?
False
Does 11 divide 7425?
True
Is 45873 a multiple of 153?
False
Does 11 divide 6710?
True
Does 277 divide 44024?
False
Is 70046 a multiple of 35?
False
Is 448 a multiple of 4?
True
Is 8 a factor of 2497?
False
Is 68 a multiple of 4?
True
Is 15 a factor of 393?
False
Is 4 a factor of 4013?
False
Does 5 divide 1095?
True
Is 5977 a multiple of 41?
False
Does 18 divide 5670?
True
Is 14588 a multiple of 14?
True
Does 98 divide 4916?
False
Does 5 divide 1055?
True
Is 4 a factor of 7150?
False
Does 18 divide 15246?
True
Is 798 a multiple of 114?
True
Does 5 divide 1486?
False
Does 72 divide 484?
False
Is 135 a factor of 29565?
True
Does 12 divide 5710?
False
Is 5 a factor of 1377?
False
Does 7 divide 5159?
True
Is 20 a factor of 32340?
True
Is 65500 a multiple of 20?
True
Does 39 divide 984?
False
Does 3 divide 8156?
False
Is 18 a factor of 2106?
True
Is 9 a factor of 810?
True
Does 22 divide 2426?
False
Is 278 a multiple of 9?
False
Is 24859 a multiple of 14?
False
Is 744 a multiple of 15?
False
Is 150 a factor of 20100?
True
Is 10496 a multiple of 415?
False
Is 7 a factor of 18613?
True
Does 13 divide 19387?
False
Does 18 divide 1656?
True
Is 421 even?
False
Is 28 a factor of 3042?
False
Is 65310 a multiple of 229?
False
Is 25284 a multiple of 14?
True
Is 1216 a multiple of 4?
True
Is 102 a multiple of 10?
False
Does 19 divide 1405?
False
Is 2487 a multiple of 16?
False
Does 12 divide 4197?
False
Is 3 a factor of 148?
False
Is 3764 a multiple of 95?
False
Is 14858 a multiple of 17?
True
Does 10 divide 11040?
True
Does 89 divide 801?
True
Does 48 divide 768?
True
Is 128484 a multiple of 387?
True
Is 70 a factor of 87786?
False
Does 24 divide 168?
True
Is 366 a multiple of 7?
False
Is 68 a factor of 5440?
True
Does 70 divide 910?
True
Is 111 a multiple of 23?
False
Is 11 a factor of 1726?
False
Is 15 a factor of 5981?
False
Is 8 a factor of 8?
True
Does 17 divide 2805?
True
Is 18720 a multiple of 72?
True
Does 49 divide 845?
False
Is 3046 a multiple of 6?
False
Is 1025 a multiple of 3?
False
Does 6 divide 342?
True
Does 8 divide 147?
False
Is 2 a factor of 319?
False
Is 80 a factor of 3770?
False
Does 14 divide 6174?
True
Is 720 a multiple of 18?
True
Is 29 a factor of 8352?
True
Is 151 a factor of 25066?
True
Is 5825 a multiple of 36?
False
Does 136 divide 41752?
True
Is 6425 a multiple of 5?
True
Does 12 divide 36?
True
Does 21 divide 1827?
True
Is 988 a multiple of 19?
True
Is 252 a multiple of 63?
True
Is 2456 a multiple of 4?
True
Does 34 divide 13623?
False
Does 9 divide 1846?
False
Does 63 divide 4221?
True
Does 56 divide 1479?
False
Does 45 divide 2475?
True
Is 46 a factor of 4781?
False
Is 40 a factor of 6981?
False
Does 23 divide 1196?
True
Is 8 a factor of 27064?
True
Is 6 a factor of 666?
True
Is 201 a factor of 3427?
False
Does 8 divide 109?
False
Does 83 divide 25315?
True
Is 49 a factor of 8820?
True
Is 11 a factor of 824?
False
Is 507 a multiple of 35?
False
Is 20700 a multiple of 18?
True
Does 6 divide 47140?
False
Is 26 a factor of 541?
False
Is 6280 a multiple of 15?
False
Is 677 a multiple of 8?
False
Is 12 a factor of 5199?
False
Is 3080 a multiple of 110?
True
Is 13860 a multiple of 180?
True
Does 47 divide 1081?
True
Does 8 divide 466?
False
Does 6 divide 17?
False
Is 10 a factor of 3871?
False
Is 429 a multiple of 5?
False
Does 13 divide 4979?
True
Is 17480 a multiple of 46?
True
Is 444 a multiple of 12?
True
Does 2 divide 232?
True
Is 1932 a multiple of 72?
False
Is 14 a factor of 45?
False
Is 9 a factor of 25352?
False
Is 51068 a multiple of 13?
False
Does 17 divide 3914?
False
Is 6 a factor of 84?
True
Is 53 a factor of 2929?
False
Is 136 a factor of 9520?
True
Does 14 divide 420?
True
Is 192 a multiple of 12?
True
Does 33 divide 1163?
False
Is 73575 a multiple of 45?
True
Is 166 a factor of 53902?
False
Does 21 divide 977?
False
Is 44 a factor of 79332?
True
Is 18 a factor of 36?
True
Does 14 divide 154?
True
Is 4 a factor of 8468?
True
Is 437 a multiple of 19?
True
Is 13 a factor of 1334?
False
Is 4375 a multiple of 83?
False
Is 13 a factor of 104?
True
Does 11 divide 46248?
False
Is 1386 a multiple of 21?
True
Is 2654 a multiple of 32?
False
Is 16 a factor of 160?
True
Is 12 a factor of 1176?
True
Does 335 divide 29492?
False
Is 6315 a multiple of 27?
False
Is 10120 a multiple of 46?
True
Does 105 divide 1635?
False
Is 10 a factor of 53?
False
Does 27 divide 189?
True
Is 1300 a multiple of 65?
True
Is 191 a factor of 24448?
True
Does 35 divide 909?
False
Is 92 a factor of 136972?
False
Is 224 a multiple of 14?
True
Is 50 a multiple of 25?
True
Is 19 a factor of 60524?
False
Is 732 a multiple of 61?
True
Is 24869 a multiple of 13?
True
Is 5593 a multiple of 92?
False
Does 10 divide 81640?
True
Is 13 a factor of 38827?
False
Does 2 divide 20?
True
Does 126 divide 11436?
Fa